n. Let x = 12520 + n. Is x a prime number?
False
Let i = 60 - 56. Suppose 3*k - 2*g + 4 = 0, 0*k - k - 2*g - i = 0. Is k/6 - (-1114)/3 prime?
False
Let t = 67545 + -6602. Is t a composite number?
False
Suppose 13*k + 5 = 14*k. Suppose -4*o + 18711 = -k*x, o - 4158 - 523 = -2*x. Is o prime?
True
Let f = 136 - 134. Suppose -6111 = -5*r + f*c, -3*r + 2*c + 3*c = -3659. Is r composite?
False
Let t(f) = 19*f**2 + 70*f + 2276. Is t(-35) composite?
True
Suppose -204*j - 2*j = 46*j - 110485116. Is j a composite number?
True
Suppose -18*b + 34 = -38. Is (-1)/(b - (-2453)/(-613)) prime?
True
Is 26188*(-84)/140*5/(-12) prime?
True
Suppose -7*y - 44*v + 1189851 = -46*v, -4*v = 2*y - 339930. Is y a prime number?
False
Suppose -8809*n + 8808*n + 51154 = 0. Is n composite?
True
Suppose 0 = -148*o + 2374151 + 878445. Is o composite?
False
Suppose 5*l - 2*h + 8 = 0, 0 = -2*l - h - 15 + 19. Suppose l = -25*k - 6*k + 470797. Is k a composite number?
False
Suppose -5*x + 35*x = 293550. Suppose -2*h + 3*y + x = 0, -7*h + 2*h - 4*y + 24474 = 0. Is h a composite number?
True
Suppose 347475 = 14*v + 14821. Is v a composite number?
False
Suppose 5*k - 816565 = -105*u + 110*u, 653198 = 4*k + 5*u. Is k a prime number?
True
Let c be 4/(-10) + (-15)/25. Let p be (c*4)/(6/(-642)). Suppose -j + p = -143. Is j composite?
False
Let l = -39 + 38. Let h(s) = 82*s**2 - 1. Let u be h(l). Let z = 140 - u. Is z a composite number?
False
Let x(l) = 3 - 2*l + 7*l**2 - 12*l**3 - l**2 - 27*l**3 - 12*l**2. Is x(-2) a composite number?
True
Let o(x) = 6691*x**2 + 238*x + 985. Is o(-4) a prime number?
True
Let p = 92727 - 46126. Is p a prime number?
True
Suppose -428*j + 783*j = 257053015. Is j a prime number?
True
Suppose -3*v + 35 = -832. Let t = v + -31. Suppose -4*d + 790 - t = 0. Is d prime?
False
Let v be (8/14)/((-22)/(-77)). Suppose -3 - 5 = -v*j. Is (2/j)/(2/1068 + 0) a composite number?
True
Let i be (3/9)/(9/135). Suppose 0 = b + 3*p + 4400 + 9009, -3*p = i*b + 67009. Is 3 + (b/(-30) - 4/(-3)) a prime number?
False
Let t = 158 + -67. Suppose -t*d + 85*d + 120 = 0. Let g(i) = -i**3 + 22*i**2 - 3*i - 3. Is g(d) a prime number?
False
Let o = 76 - 73. Suppose -o*h = -5*w - 53, 3*w + 12 = 2*h - 23. Is 8/h + 537/2 prime?
True
Let d(z) = 6852*z - 11. Is d(1) a prime number?
True
Let y = -35 + 65. Let v be ((-672)/y)/(3/(-105)). Suppose -n = -93 - v. Is n composite?
False
Suppose -a = 4*j + 25192, 2*j - 3*j - 125846 = 5*a. Let b be (-16)/(-6) - (-2)/(-3). Is b/7 + (-5 - a/14) prime?
False
Suppose -y - 2575384 = -4*j, 0 = -8*j + 15*y - 14*y + 5150772. Is j a prime number?
True
Let o(x) = 102885*x + 1333. Is o(8) a prime number?
True
Suppose -5*a = 3*m - 7692648, 5*m = 2*a + 10*m - 3077063. Is a a prime number?
False
Let k = -1174 - -5573. Is k a prime number?
False
Let o be 28/6*36/42. Suppose 3*f + 30 = 3*q, -2*q - 14 = -o*q - f. Suppose 0 = v - z - 122 - 141, q = 4*z. Is v a composite number?
True
Let d be ((-2534)/4)/(-7)*24. Let f be ((-1)/(-2))/((-1)/(-2566)). Let u = d - f. Is u a composite number?
True
Suppose -7*v = -24*v + 257363. Suppose 4*c + 3*b = v, -3*b - 18926 = -5*c - 6*b. Is c a composite number?
True
Let z(m) = 34453*m**2 - 116*m + 251. Is z(2) a composite number?
False
Is 2/28 + 684096047/1498 prime?
False
Let t(a) = -4*a + 4. Let b be t(0). Suppose b*i = -4*q + 80 - 28, 3*i + 2*q = 40. Let y(k) = 46*k - 33. Is y(i) a prime number?
False
Let o be -9*(5 + 4975) - 3. Is (37/3)/((-67)/o) a composite number?
True
Let l be -2 + (-4 - -9) + 1/(-1). Is (-21)/6*l - -11358 a prime number?
True
Let f(s) = -2*s**2 + 4*s + 56. Let k be f(6). Suppose -2*i - 42270 = -k*i. Is i a prime number?
False
Suppose 0 = 6*j - 8*j. Suppose -6 = -j*a - 3*a. Suppose 5*f + 521 = a*w + 38, 2*w - 495 = f. Is w a composite number?
True
Let k = 11 - 6. Let x(i) = 8*i**2 - 57*i + 11. Let r be x(7). Suppose -r*p + k*p = 487. Is p a prime number?
True
Let v(x) = 275*x - 13. Let r(z) = -z**3 + 3*z**2 + 10*z - 20. Let a be r(4). Is v(a) composite?
False
Let s(o) = 24919*o**2 + 11*o + 9. Is s(-1) a composite number?
False
Suppose 6 = -2*z - 0*z. Is (z/(-3) + 4)*809 composite?
True
Let u = 59833 - 40986. Is u prime?
False
Is 28117*(3/5 + (72/(-15))/(-12)) prime?
False
Let u(m) = 518*m**2 + 38*m + 1481. Is u(-28) composite?
True
Is (-2 + 0)*(4/6)/((-252)/39280437) prime?
True
Is (4030922/(-16) + (-23)/(92/6))*-8 a composite number?
False
Let b = -879 + 885. Is b/(-36) - 7*27866/(-12) a composite number?
True
Suppose -3*k = 30 - 57. Let d(j) = 537*j + 34. Is d(k) a prime number?
False
Let n(r) = 9 + 3 + 2 - 5 + 2*r. Let u be n(-7). Let q(y) = 31*y**2 + 10*y + 26. Is q(u) composite?
False
Let j = -7153 + 18240. Is j composite?
False
Suppose -340*k + 382*k = 17090094. Is k a composite number?
False
Suppose 14*n - 30 = 8*n. Suppose 5*r - 752 = r + 2*o, -929 = -n*r - 3*o. Suppose -5*z - r = -a - 2*z, 2*z = 10. Is a composite?
True
Suppose -1020844 = -82*q + 60*q. Is q a prime number?
False
Suppose -2*j + 631 = -135. Let k = 4 + j. Suppose r = 4*r - k. Is r prime?
False
Suppose 24*f + 38*f = 4921870. Is f composite?
True
Let b = -95452 - -161669. Is b a composite number?
True
Suppose 3*r = -6*c + 1551978, 9*r + 776017 = 3*c + 7*r. Is c a composite number?
True
Let p(y) = 6*y**3 + 7*y**2 + y + 11. Let k(i) = -6*i**3 - 8*i**2 - 10. Let d(g) = -6*k(g) - 7*p(g). Is d(-3) composite?
False
Let f be 162677/7 + (-4)/7. Let d = f - 71637. Is (d/(-21))/((-8)/(-3) + -2) a composite number?
False
Is ((-9)/((-63)/(-91)))/(((-2)/(-15073))/(-2)) a composite number?
True
Suppose 7*m - 9*m = v - 183453, 4*v - 733848 = m. Is v a prime number?
True
Is 13*-1 - 39/(1287/(-7199148)) composite?
False
Is (174/(-4))/(18/(-54228)) prime?
False
Suppose -2*d + 0*c - 3*c + 454 = 0, d - 5*c = 214. Suppose 5*i - 29 = -r, -2*r + 3*r = 5*i - 21. Suppose -4*w + 3*w - 174 = -3*t, 4*w + d = r*t. Is t prime?
True
Let t(i) = -3*i**3 - 22*i**2 - 12*i - 15. Let j be t(-9). Suppose -14*c + j = -692. Is c composite?
True
Suppose 5*s + 912 = v + 128, -2*v = -5*s - 1548. Let d = 771 + -771. Suppose -3*p = -5*r - v, d = 3*p - 4*p + r + 254. Is p a composite number?
True
Let l(g) = g**3 - 23*g**2 + 23*g - 19. Let i be l(22). Let t be ((-24)/i)/(-2) - 6040. Let s = -3089 - t. Is s a composite number?
True
Let h = -4228 - -9874. Let s = h - 2545. Is s a prime number?
False
Let h(v) = 5*v. Let c be h(1). Suppose 3*t = -23 + 32. Suppose -2*n - 4*y = -498, -c*n - t*y = -6*y - 1297. Is n a composite number?
False
Let p be (-11)/(-7) + -1 - (-704)/(-154). Is ((-10)/p*-1031)/((-12)/24) composite?
True
Is (-2)/9 - (-767874653)/4329 a composite number?
False
Let r be -4*5/5*-1. Let o be 2*((-14)/r + 3). Is 1055*(-5 + 4)*o a prime number?
False
Let h(o) = 449*o**2 - 31*o + 256. Is h(14) a prime number?
False
Let r(k) = k**3 + 2*k**2 - 3*k + 19. Let o be r(0). Let c(u) = 2007*u + 112. Is c(o) composite?
True
Let m = 1969 - 615. Let s = -105 + m. Is s composite?
False
Suppose -16*c = -12*c + 40. Let q be -5*((-6)/c + -1). Is (1082/3)/(q + (-12)/9) a composite number?
False
Suppose -15 = -l - 5*f, 8*l - 11*l = 2*f - 45. Is 2/6 - ((-4782185)/l)/17 prime?
False
Let n = 19 - 23. Let g(p) = -830*p**3 - 2*p**2 + 6*p + 9. Let h be g(n). Is -1*2/(-13) + h/39 composite?
False
Suppose -7 + 7 = -9*x. Let t be (-64 + x)*125 + 0/11. Let f = -5571 - t. Is f prime?
False
Suppose 15 = -8*i + 12*i + 3*t, -12 = -3*i - 3*t. Suppose 5*y + g + 70824 = 9*y, i*y = 3*g + 53109. Is y a prime number?
True
Let h(n) = -n**3 - 31*n**2 - 2*n - 49. Let y be h(-29). Let a = y + 2406. Is a a prime number?
True
Suppose -2*d - 6*d + 577448 = 118752. Is d a composite number?
True
Let y(b) = 3305*b**2 + 22*b - 120. Is y(9) a prime number?
False
Let d(f) = -198*f**3 + 4*f**2 + 123*f + 1. Is d(-8) prime?
True
Let m(s) = 275*s - 11. Suppose l - 4 - 2 = 0. Let p(d) = -d**3 + 6*d**2 + d. Let i be p(l). Is m(i) composite?
True
Let r = -359166 - -566797. Is r composite?
True
Let y(d) = -16*d**3 - 13*d**2 + 39*d - 19. Is y(-18) composite?
False
Suppose -3413*d = -3412*d - 32419. Is d composite?
True
Suppose 3*a = 3*k + 2*k - 204, 210 = 5*k - 5*a. Suppose -2*o + k = 1761. Let m = o - -3194. Is m composite?
False
Let q(d) = -1318*d + 145. Let t be q(-4). Let o = t + -2632. Is o composite?
True
Let x = 260962 - 9